.
1
What is -45 + 40 + (-2 - -8) + -1?
0
Evaluate -9 - (6 + (-5 - (7 + 1 + 4))).
2
Calculate (-2 - -2) + 4 + 3 + -4.
3
0 + (-10 - 7) + 20
3
-18 + 3 + 16 + (-21 - -12)
-8
Evaluate (-3849 - -3849) + (10 - 1) + (-1 - -2).
10
What is the value of -2 + -6 + (15 - 8) - 4?
-5
-17 - ((-46 - -7) + 17)
5
What is (20 - 21 - (1 + 3) - -1) + -4?
-8
What is the value of (8 - 10) + 4 + 5?
7
What is 8 + 11 + -2 + -6?
11
Calculate 2 + (29 - -7) + -17 + 9.
30
What is -1 + 0 - 7 - (-448 - -446)?
-6
Calculate 1 - -5 - (0 - (-22 + 21)).
5
What is the value of -13 - 2 - (-42 - -18)?
9
Evaluate 155 + -158 - (2 - 0).
-5
What is the value of 35 + -2 - (40 - 18)?
11
What is 32 - (8 - -5 - (15 + -6))?
28
What is -6 - (-6 - (22 + -19))?
3
Evaluate 2 + 15 + 11 + (-40 - -17).
5
What is (-9 - (-1 + -1)) + (-20 + 24 - -3)?
0
6 - 14 - (-1 - 3 - 1)
-3
What is the value of -4 + 4 - 4 - (-11 - (13 - 16))?
4
What is 1 - 7 - (-50 - -56)?
-12
Calculate -3 + (-3 + 6 - 9).
-9
(20 - (-4 + 3)) + 3 + (1 - 6)
19
What is -18 + (10 - -16 - -12)?
20
-2 - (-11 - 0) - (-14 - 8 - -27)
4
9 - (1 - (17 + -14))
11
Calculate -3 + (1 - 10) + 75 + -77.
-14
Calculate 5 + -5 + (-6 + 13 - 1) + -10.
-4
Evaluate (36 - 25) + -3 + -1.
7
2 + (-19 - -13 - (-10 + 2))
4
8 + -10 + (-4 - -1) + 4 - 13
-14
Evaluate -1 + 6 - (51 - 54).
8
What is 49 + -37 + 0 + -40 + 9?
-19
Evaluate (27 - 39) + 8 + 3.
-1
Calculate -5 + 8 - ((-7 - -5 - 1) + 0).
6
What is the value of (2 - 4) + 52 + -51 + 6 - 10?
-5
14 + (-9 - 8) + 9
6
What is -8 - (18 + -30 - -25)?
-21
-12 + -14 - (-10 + -6 - -4)
-14
Calculate -24 + (-28 - -8) - ((0 - 13) + 1).
-32
Evaluate -11 + 1 + (-32 - -28).
-14
What is 10 + (-15 - (-5 - 0))?
0
Evaluate -2 - (-35 + 39 + -9).
3
What is the value of -48 - -25 - (-48 + 14)?
11
Evaluate -17 + (12 + 2 - (25 + -19)) + 14.
5
What is 8 + (-5 + 5 - 17 - -3)?
-6
Calculate 37 + 0 + -81 + (72 - 5).
23
What is -13 + 28 - -4 - 30?
-11
Evaluate 12 + -31 + 18 - (-2 - (9 - 1)).
9
What is the value of 27 + (22 + -11 - 12)?
26
Calculate 1 + 16 + 7 + (7 - 8) + -2.
21
Evaluate -7 + 8 + 34 + (0 - 14).
21
Calculate 1 + (15 - 4) + -27.
-15
What is the value of -21 + 25 + -31 + 7?
-20
What is the value of 12 + (3 - (-10 - -21)) - (0 - 5)?
9
(-4 - -12) + (-5 - -1) + (-10 - 2)
-8
What is the value of -13 - -5 - (6 - (0 - -5)) - -3?
-6
Evaluate -13 - (-19 - ((13 - 17) + 13)).
15
Evaluate -21 + 33 + -6 + (1 - 1).
6
What is the value of (12 - 2) + (-1162 - -1139)?
-13
What is 7 + (-385 - -347 - (-9 + 1 - -2))?
-25
Evaluate -4 - (4 - 4) - (-1 + 2).
-5
What is -10 + 12 + (3 - 5)?
0
What is (0 - (-1 - -5) - 4) + -14 + 28?
6
Evaluate -3 - 4 - (-6 + -3 + 6).
-4
What is the value of -6 + (-6 - -7) - (2 - (4 + -3))?
-6
What is 30 + -16 + 5 - 36 - -7?
-10
(1 + -7 + 12 - 11) + -5
-10
Evaluate -1 + 21 + 0 + -9.
11
55 + 3 - (52 + -15)
21
-1 + (6 + -12 - -4)
-3
(21 - 10 - 9) + -7
-5
What is the value of 46 - (-26 - -61 - (26 + -9))?
28
What is 6 - (0 - 12 - (199 + -200))?
17
What is 15 + (5 + -28 + 15 - 32)?
-25
What is 7 - ((-17 - -15) + 13)?
-4
What is -12 + 0 + (-3 - -20) - 5?
0
Calculate 2 + (5 + -6 - 5) + -1 + 5.
0
What is the value of (-2 - (-12 + 36)) + 6 - -2?
-18
Calculate 23 + -29 + (1 + -1 - -5) - 2.
-3
-6 + -25 + -9 + 20
-20
Evaluate 1 + (8 - -3) + -13.
-1
Evaluate -22 - -21 - -13 - (-2 - 2).
16
Calculate 36 + 6 + -31 + -22.
-11
What is (1 - (1 + -4)) + 4 + 11?
19
Evaluate 2 + (-10 - -1) - ((14 - 98) + 112).
-35
What is the value of 5 + -13 + 6 + -13 + 0?
-15
(-6 - 6) + (20 - -2)
10
Calculate -2 + 3 + -3 + (142 - 155).
-15
(0 - -7) + 7 + -2 + -9
3
What is -9 + (-2 - -1 - (4 + -12))?
-2
Evaluate 22 + (19 - (-5 + 4 + 13)).
29
What is ((8 - 11) + 7 - 0) + -18?
-14
Evaluate 9 + 38 + -14 - 56.
-23
Calculate -3 - (-15 + -2 + 7) - (-1 - -5).
3
Calculate 2 + (-11 - -17) + 4.
12
(14 - 25) + -8 + 16
-3
4 + -2 + (4 - -5) + (4 - 20)
-5
26 + (-11 - (-18 + 19))
14
Calculate 14 - (5 + -9) - 5.
13
What is the value of (-29 - 0) + 6 + 5 + -5 + 6?
-17
Calculate -26 + 4 + 5 + 1 - (-2 - 2).
-12
What is the value of (11 - (4 - (-5 - (-8 - -2)))) + 4?
12
What is 8 + -5 + -3 + 1 + 6?
7
What is the value of (-5 + 38 - (-1 + 2)) + -2 + -2?
28
Evaluate -10 - (-8 + (-12 - -25)).
-15
What is the value of -7 - (12 + (-26 + 15 - -11))?
-19
(-20 - -9 - -13) + (-17 - -6)
-9
What is the value of 14 + (-3 - (-37 - -22))?
26
Calculate 23 + 7 - (28 - 24).
26
What is -17 - (5 - 31 - 6)?
15
What is the value of (34 - (-48 + 94)) + 6 + 1?
-5
27 + -7 + (0 - 5 - -9 - -3)
27
What is the value of -9 + 1 + (8 - -7) + 6?
13
Calculate -13 + (0 - -16 - -2).
5
What is -14 + (10 - 1) + (9 - 17)?
-13
Calculate -24 - ((18 - 51) + 30).
-21
Evaluate -29 + 1 + (10 - 6) + 1.
-23
Calculate (2 - 1) + (-160 - -183).
24
What is the value of -5 + ((-6 - (-2 - 2)) + 0 - -2)?
-5
What is (-13 + (3 - 2) - -1) + -208 + 209?
-10
What is (-6 - -2) + (-4 - -5) - (-2 - -6)?
-7
Calculate (159 - 141) + 3 + -2 + 4 + -3.
20
Evaluate 10 - (-5 - -2 - (12 - (3 - 9))).
31
Calculate 8 + (22 - 38 - -39).
31
Evaluate (4 + -12 - -5) + -1 + -12.
-16
7 - -2 - (47 + -23 - 18)
3
-8 + (-16 - (9 + -17))
-16
Calculate (9 - (0 + 8)) + (-3 - -2) + -2.
-2
What is -14 + 14 + 11 + -2 + -8 + -10?
-9
Evaluate -16 + -1 - (-8 + 5 + 5).
-19
Evaluate 15 + 12 + 20 + -29.
18
Evaluate -22 + (30 + -14 - 16) - (-1 + -6).
-15
What is the value of (0 - (17 - 1)) + (12 + -52 - -38)?
-18
Evaluate (-43 - (-34 + 14)) + 34.
11
What is 2 + 1 - -5 - (19 + -50 - -29)?
10
Evaluate 25 + (26 - 31) - (2 - 4).
22
-778 + 787 + (-1 - 0 - 14) - 10
-16
What is the value of -1 + -2 + (35 - (-14 + 21))?
25
(-3 - -4) + 4 - (11 + -14)
8
What is ((5 - 11) + -11 - -1) + -3 + -2?
-21
Evaluate -11 + 7 - (0 + -5 + 111 + -118).
8
-15 + (-7 + (-4 - (-5 + -3)) - 3)
-21
Evaluate -1 + -1 - (-3 - -2) - (99 + -77).
-23
What is -1 + 1 + 7 - (-1719 + 1753)?
-27
What is the value of 16 - (8 - -27) - -24?
5
What is 50 - 63 - (-5 - -1)?
-9
Evaluate (12 - (-7 - 4)) + -17.
6
What is (-6 - (-17 - -2)) + 7 + -20 + 5?
1
Evaluate 1 - (3 + (-1 - 14) + 1).
12
Evaluate -9 - 12 - (1 + 0).
-22
Calculate -5 + -2 + 11 + -25 + 39.
18
What is (-1 + 5 - 29) + -316 + 333?
-8
-11 + -5 + (-1 + -2 - (12 - 18))
-13
What is the value of -2 + -2 + (247 + -236 - (-16 + 1))?
22
What is -1 + -25 + (-10 - (-35 + 21)) + 6?
-16
Calculate -2 - 20 - (-29 - 5).
12
Evaluate (-28 - 3 - -21) + -4 + 27 + -5.
8
15 + (-9 - (0 + -2)) + -7 - 8
-7
Evaluate (0 - -4) + (14 + -10 - 10 - -5).
3
What is -9 - (-19 + 7 + 13)?
-10
What is the value of (-1 - 28 - -16) + (-2 + 4 - -3)?
-8
31 - (21 + (-39 - -31))
18
Calculate -13 - -25 - 5 - 5.
2
What is the value of (10 - (25 + -11)) + (7 - -1) - 19?
-15
Calculate 15 - 11 - -11 - (5 - (1 - 0)).
11
Calculate (-11 - 9 - 2) + 20.
-2
What is 2 + -11 + (19 - 5)?
5
What is (-9 - -5) + (-5 - 0) + 6?
-3
Evaluate -85 + 88 - (2 + 13).
-12
Calculate -190 - -203 - (-1 - -20).
-6
What is the value of -47 + (24 - 20 - -18)?
-25
Evaluate -14 + 10 - ((-6 + 2 - 2) + 6).
-4
388 + -359 + 0 + 0
29
Evaluate -1 - 9 - (-26 + (-9 - -14)).
11
30 + (17 - 91) + 16
-28
(1 + -5 - (-12 + 5)) + 3
6
What is the value of (9 - 27) + -2 + 13?
-7
Evaluate 19 - (5 - 1) - 19.
-4
What is the value of -19 + -2 + -1 + (626 - 631)?
-27
What is the value of 13 + -2 - (-6 + 10 - -4)?
3
Evaluate -13 - (6 - -18 - (18 - 10)).
-29
What is (2 - -6) + 7 + 12 + -18?
9
-1 + -1 - (932 + -932)
-2
What is the value of 5 + ((1 - 4) + -19 + -5 - -8)?
-14
What is -5 + (-4 - (-4 - (7 - 4)))?
-2
What is the value of -1 - ((-22 - -12) + 14 - 25)?
20
What is -27 + (-20 - -31) - -29?
13
(-43 - (4 - 50)) + -1 + 10
12
7 - 3 - -4 - (2 + 2)
4
What is (-12 - (0 + -10)) + (-7 - -14)?
5
Calculate (6 - (0 + 8)) + 10 + -10.
-2
(2 - (-16 - -5) - 10) + -5 - -1
-1
What is 23 + 15 - -1 - ((13 - -1) + -2)?
27
What is the value of 37 + (-4 - (0 + -12 + 22))?
23
0 + -10 + 8 - (-4 + -2 + -1)
5
What is the value of 1315 + -1330 - (-14 - (-2 - -4))?
1
What is -14 + 0 + 11 + (-4 + -4 - 1)?
-12
What is (-2 - (2 + -1)) + (27 + -39 - -27)?
12
What is 32 + (-1 - (-45 - -39))?
37
What is 0 + (-1 - (-18 - -17))?
0
Calculate (-1 - -33) + (57 + -53 - 15).
21
What is -24 - (0 + (-4 - -13) + -5)?
-28
What is -11 - (4 + -9 - (-9 - -2))?
-13
Evaluate -9 - (23 - 18 - 13).
-1
4 + (-9 + -6 + 6 - -15) + 3
13
What is (-34 - -13) + 25 + 5?
9
What is the value of 4 - (-3 + 3) - 